s + 199. Let b be (-3 - -1) + -8 + 12. What is the highest common divisor of b and w?
2
Suppose -4*x = 3*k - 3, -x - 3 = -0. Suppose -51 = -6*h + 9. Suppose -k*r - 160 = -h*r. Calculate the greatest common divisor of 80 and r.
16
Let k(s) be the third derivative of 9*s**5/20 - s**4/8 - 3*s**3/2 + 17*s**2. Let j be k(-3). Calculate the greatest common factor of 18 and j.
9
Suppose 0 = -3*m + 1 + 20, 3*r + 3*m = 351. What is the highest common divisor of r and 5830?
110
Let i(v) = 3303*v - 9837. Let k be i(3). What is the highest common divisor of 12864 and k?
24
Suppose -2*f = -a + 61, 11*a - 9*a = -5*f - 157. Let j = 34 + f. Calculate the greatest common divisor of 54 and j.
3
Let r(d) = -5*d + 2554. Let c be r(-59). Calculate the highest common divisor of 616 and c.
77
Suppose -1975 = -27*u - 1300. Calculate the highest common divisor of 11225 and u.
25
Let v(a) = -235*a - 940. Let g be v(-38). What is the highest common factor of 170 and g?
170
Suppose -l + 3*w = -39, 2887*w - 2883*w + 51 = l. Suppose 8 = -u - 3*n, 0*n = -5*u - n + 2. What is the highest common divisor of u and l?
1
Let q = 217 - 196. Suppose a = -22*j + q*j + 8, 0 = 5*a + 25. Calculate the greatest common factor of j and 117.
13
Let l = -482 - -498. What is the greatest common divisor of 5408 and l?
16
Let x(g) = 748*g + 739. Let y be x(12). Calculate the greatest common divisor of 145 and y.
145
Let t be (-2 - (-4844)/8) + (-3)/6. Suppose 3*q - 9 = -3*a + 177, -325 = -5*q - 2*a. What is the greatest common divisor of q and t?
67
Let p = 11972 + -11932. Calculate the greatest common divisor of p and 1584.
8
Let n = 657 + -11. Calculate the highest common divisor of 2 and n.
2
Let a be 8/5 - 67272/(-30). Calculate the highest common factor of 272 and a.
68
Let y = 20856 - 19380. Calculate the greatest common divisor of 328 and y.
164
Let n(p) = -2*p + 4. Let y be n(-8). Suppose 13 = j - y. Let s(q) = -q**2 + 12*q - 10. Let z be s(8). Calculate the highest common factor of j and z.
11
Suppose -322 = 14*z - 2660. Let s = 184 - z. What is the greatest common factor of 153 and s?
17
Suppose -191*m + 4616 = -187*m. Calculate the highest common divisor of m and 2.
2
Let a(g) = -g**2 - 86*g - 381. Let c be a(-77). Calculate the highest common factor of c and 88.
8
Let k(l) = l**2 + 124*l - 3848. Let n be k(26). Calculate the highest common divisor of n and 9932.
52
Let d = 40 - 35. Suppose d*m - 2150 = i + 4*i, 3*i - 2166 = -5*m. What is the highest common factor of 16 and m?
16
Let w = 298 + -283. Suppose 5*b = 20, -2*j + w + 3 = 2*b. Calculate the greatest common factor of j and 95.
5
Suppose 31*x + 40296 = 123*x. Calculate the highest common factor of 6 and x.
6
Let q = 18416 - 18318. Calculate the highest common factor of 66934 and q.
98
Suppose -178*z + 31286 = -3410118 + 405436. Calculate the greatest common factor of 39 and z.
13
Suppose 3*y - 81 = -69, 5*y = 5*a - 13030. What is the greatest common factor of a and 40?
10
Suppose 2*a - 175*o = -180*o + 110, -2*a + 2*o = -68. What is the highest common divisor of a and 55?
5
Let t(r) = r**3 - 17*r**2 + 64*r + 148. Let b be t(17). Calculate the highest common divisor of b and 927.
309
Let k be (6350/(-30) - 1)*(-3)/2. Let s be 4/(-6) - 385/(-33). What is the greatest common factor of s and k?
11
Let b(t) = 9*t - 38. Let j be b(6). Suppose 11*k - 3*k = j. Let u be (-22)/11 + 2 + 1. Calculate the highest common factor of k and u.
1
Let m be (-10)/25*50/(-4). Suppose m*u + 33 = 128. What is the highest common divisor of 38 and u?
19
Let r(z) = 2*z**3 - 16*z**2 + 29*z - 7. Let o be r(6). Calculate the greatest common divisor of 13133 and o.
23
Let h(l) = -7*l + 3*l + 0*l - 18. Let m be h(-11). Let i be -2 + 4 - (-2 - 22). What is the greatest common factor of i and m?
26
Let j be (6 + -1)/(16/784). Let r = -215 + j. What is the highest common divisor of r and 42?
6
Let l = 6213 - 4505. Calculate the greatest common factor of 56 and l.
28
Suppose -8*k - 275 = 3*k. Let m = k - -26. Suppose -5*l + 3*w - w = -30, 2*l - 3*w = m. What is the greatest common divisor of l and 8?
8
Suppose -115*s = -89907 - 77322 - 26316. What is the highest common factor of 1496 and s?
187
Let g be (-389)/778 + 2/(-6) + 33963/18. What is the highest common divisor of 164 and g?
82
Suppose -136*w + 301*w - 12848 = 92*w. What is the greatest common divisor of w and 92?
4
Let j = -251 + 2096. What is the highest common divisor of j and 205?
205
Suppose 74*g - 69*g - 15 = 0. Suppose 0 = -4*u + g*i + 11, -2*u + i + 3*i - 2 = 0. What is the greatest common divisor of u and 15?
5
Let o = 1655 + -1705. Suppose 0*f + 3*f - v = -12, 4*f + 15 = v. Let t = f - o. What is the highest common factor of 517 and t?
47
Suppose 106 = 5*w + 4*n, 3*w + 25*n - 26*n = 50. Calculate the highest common divisor of w and 1704.
6
Let j(h) = -17*h + 116. Let d be j(7). Let b be (34*15/(-10))/d. What is the highest common divisor of b and 391?
17
Suppose 32 = 4*d, 5*d - 4*d = -5*q + 683. What is the greatest common divisor of q and 513?
27
Suppose 0*t + t + 9 = 3*d, 5*t + 4*d = 31. Let c(j) = 5*j + t*j - 6*j + 16 + 0*j. Let o be c(7). Calculate the greatest common divisor of o and 6.
6
Suppose -a + 10 = -5*n, 0 = -0*n - n + 4*a - 21. Let m be (973/14 - 7) + n/(-2). Let t = 25 + -18. Calculate the greatest common factor of t and m.
7
Let b(s) = 126*s**2 - 15*s - 40. Let p be b(-5). Suppose 50*z - 43*z - p = 0. What is the greatest common divisor of 273 and z?
91
Let f(r) = r + 2. Let k be f(1). Calculate the greatest common divisor of k and 2.
1
Suppose -6902 - 1054 = 9*u. Let g = -184 - u. Calculate the greatest common factor of 28 and g.
28
Let g = 57 + -12. Let k = 1467 - -340. Let o = k + -1402. What is the greatest common divisor of o and g?
45
Let q(u) = 467*u - 2275. Let l be q(5). What is the highest common factor of 690 and l?
30
Let j be 2*(-3)/(-6)*-47. Let n = j + 111. Suppose 3*k + 34 = 58. Calculate the greatest common divisor of k and n.
8
Suppose -3*o - p + 91 = -13, 5*o = -2*p + 172. Suppose -o*c = 25*c - 23058. Calculate the highest common factor of c and 54.
54
Let f be (9/(-2) - 0)/((-16)/384). What is the highest common factor of f and 15336?
108
Let k = -13 + 30. Let t be ((201 - 2)*-1)/(1/(-4)). Let s = t + -694. Calculate the highest common divisor of s and k.
17
Let w(i) = -i**3 - 13*i**2 - 75*i - 751. Let k be w(-12). What is the highest common divisor of k and 236?
1
Suppose 8*y - 180 = -y. Let t be (31 - 1)/((-16)/y - -1). What is the greatest common divisor of 6 and t?
6
Let r = 8037 + -7847. What is the greatest common factor of 1805 and r?
95
Suppose 18*f = 20*f - 500. Let c be f/(-100)*(-58)/5. Calculate the greatest common divisor of c and 29.
29
Let r be (-1188)/(-1) + -7 + 11 + -4. Calculate the greatest common factor of 132 and r.
132
Let f(d) = d**2 + 3*d + 4. Let j be f(-7). Suppose 9 = -4*h + 33. Let m(a) = a**2 - 6*a + 4. Let n be m(h). What is the highest common divisor of j and n?
4
Let n(o) = o**3 - 25*o**2 + 50*o + 45. Let i be n(20). Let t = i + 957. What is the highest common divisor of 4 and t?
2
Let k = -12120 - -12132. Let a be -2*1/(2/(-8)). What is the highest common divisor of a and k?
4
Let o(z) = z + 5. Let i be -3*-1*(-5)/(-5). Let q be o(i). Let k be (105/4 - q/32)*6. What is the greatest common divisor of 12 and k?
12
Let f be 110/(-165)*-394*(-3)/(-4). Let x be (2 - -3) + f + 1. Calculate the greatest common divisor of x and 58.
29
Suppose 4*w = -w. Suppose w*k - k = -6. Suppose -5*z - 2*u + 200 = 0, 0 = -4*z + z - 4*u + 106. What is the greatest common divisor of z and k?
6
Suppose -278*f + 219682 = -162568. What is the greatest common divisor of 125 and f?
125
Let r(x) = -49*x - 1. Let j be r(4). Let m = j + 208. What is the greatest common factor of m and 44?
11
Suppose -f - 381 = 3*w, -2*w - 161 = f + 92. Let j = w + 153. Let l be (-18)/(-4) - 2/(-4). What is the greatest common divisor of j and l?
5
Let p(a) = -4*a**3 + 5*a**2 - 20*a - 70. Let z be p(-9). What is the highest common factor of z and 47?
47
Let g = -21596 - -21621. What is the greatest common factor of 43 and g?
1
Suppose 4544 = 11*a + 1178. Suppose 0 = 12*r - a - 450. What is the greatest common divisor of r and 168?
21
Let g be 235359/322 - (-4)/56. Cal